a. Is o composite?
True
Suppose f - 3*j + 969 = 0, 2*f + 2*j = -308 - 1598. Let v = -467 - f. Suppose -763 = -5*t + d + v, 5*d = t - 241. Is t a composite number?
False
Let t = -113 + 112. Let b(n) = -3*n - 1 + 2*n + 4 - 5 + 68*n**2. Is b(t) a composite number?
False
Let c(s) = 2*s**2 + 5*s + 2. Let m be c(-3). Let b = -5 + m. Is (-2 - b) + 93 + 0 prime?
False
Let q be (1 + -3)*8/(-2). Let p be (-297)/(-4) - 2/q. Is (-2)/(-2) + p + 4 a composite number?
False
Let r(p) = 12585*p - 1. Let w be r(1). Suppose w = 5*q + 399. Is q prime?
True
Suppose 37977 = -1373*v + 1376*v. Is v a composite number?
False
Let w(t) = 20*t**3 - 2*t**2 - t - 2. Let u(i) = -i. Let x be u(-2). Let k be w(x). Is (0 - -2) + -1 + k a prime number?
True
Suppose 0 = 3*q - 86 - 25. Suppose -32*o = -q*o + 8795. Is o a prime number?
True
Let j = 47 - 39. Let m(r) = 42*r**2 + 29*r - 9. Is m(j) a composite number?
True
Let d be ((-1244)/(1 + 1))/2. Let i = -100 - d. Is i a composite number?
False
Suppose -11*g + 92116 - 10793 = 0. Is g prime?
True
Suppose 3*l = 7*l + 4. Let c(h) = 643*h - 1. Let d be c(l). Let j = -379 - d. Is j a prime number?
False
Suppose 2*u - 32 - 6 = 0. Let i = u - 10. Is (534/i)/(8/12) a prime number?
True
Let u = 1871 + -1257. Is u a prime number?
False
Let i = 12545 + -7846. Suppose 504 - i = -5*l. Is l prime?
True
Let k(s) = 8*s**3 - 2*s**2 + 11*s + 26. Is k(11) prime?
False
Let k = 7 - 12. Is k/(-15)*(198 + 3) composite?
False
Suppose -g + 5*q = -4772, 5*g - 2*q - 29136 = -5345. Is g prime?
False
Suppose 2*i + 137658 = 5*w + 42911, -5*w + 4*i + 94739 = 0. Is w a prime number?
False
Suppose 2*m + 3*q = 14, m + 4*q + 15 = 8*q. Is (-5 - (m - 166)) + -5 composite?
True
Suppose 6*q - 12 = 3*q, 0 = i + 2*q - 11. Suppose i*u + 3*f - 2*f = 1474, 0 = -2*u + 5*f + 1011. Is u prime?
False
Let u be (-60)/(((-6)/9*3)/(-33)). Let x = -57 - u. Is x prime?
False
Suppose 2*c - 7 = -2*u - c, 4*u - 10 = -2*c. Let d be (-4 + 65)/(u + -1). Suppose 2*g + d = b, 0 = -3*g - 0 - 3. Is b a composite number?
False
Let y(d) = -d - 15. Let p be y(14). Let z = -32 - p. Is 12/z - (0 + -110) a prime number?
False
Let k(i) be the third derivative of -i**5/60 - i**4/4 - i**3/6 - 8*i**2. Let g be k(-5). Suppose 0 = t + g*t - 15. Is t a prime number?
True
Let t(v) = 2*v - 105. Let n be t(0). Is 14/n + (-23344)/(-30) a prime number?
False
Is (-50)/150 + (-1)/(3/(-14110)) prime?
True
Suppose -a + 6*a - 12476 = g, -4*a = 5*g - 9975. Is a a prime number?
False
Suppose -m - m + 868 = 0. Let q = m + -197. Is q a prime number?
False
Let s = 13181 - -23816. Is s a composite number?
False
Is 139747/5 + (8/5)/(-4) prime?
False
Let a = -1847 - -27468. Is a a prime number?
True
Let k(c) = -2*c**2 + 7*c - 13. Let i(z) be the third derivative of -z**5/60 + z**4/24 - z**3/6 + 4*z**2. Let b(o) = -3*i(o) + k(o). Is b(7) composite?
False
Let l(n) = -21*n + 3. Let i be l(-1). Let f = i - -45. Is f a prime number?
False
Suppose -5*k = -2*n - 35 - 11, 0 = 5*n - 5*k + 85. Let f(b) = -9*b - 4*b + 6*b + 2*b - 6. Is f(n) a prime number?
True
Let w(o) = 2*o + 24. Let l be w(-11). Suppose -15 = 5*y, 4*x - l*x - 61 = y. Let s = x - 22. Is s composite?
False
Is 6 + -11 - (-1)/1 - -15513 prime?
False
Suppose -6 + 10 = 2*m. Suppose m*a = 4*y - 3840, 4*a = y + y - 1926. Is y composite?
True
Let z = 9 - 1. Let v(c) = -3*c**3 - 31*c - c**2 - 2*c**2 + 4*c**3 + 26*c - 2*c**2 - 9. Is v(z) composite?
True
Is (22/99 + (-1201568)/(-18))/2 a prime number?
True
Let v = 5455 + 2368. Is v composite?
False
Let k be (-2)/(-6) + 4216/6. Let i(u) = -115*u + 24. Let f be i(2). Let m = k + f. Is m composite?
True
Let z = 719 + -220. Is z composite?
False
Suppose -4*q = 2*a - 13546, -a + 7748 = -2*q + 983. Is a a prime number?
False
Is 0/((-10)/(-5)) + 50291 a prime number?
True
Suppose -9*a = 5717 - 26714. Is a composite?
False
Suppose -2*a = 2*a - 8. Let z(p) = 5*p - 1 - 5*p - a*p + 30*p**2. Is z(2) prime?
False
Suppose -5*o - 303 = -l, -3*l - 4*o = -l - 564. Let m be -1 - ((-4)/3 + 185/(-111)). Suppose n - 200 = -4*g + 173, l = 3*g - m*n. Is g a composite number?
True
Suppose 41*n = 56*n - 157845. Is n a prime number?
False
Suppose -31853 = -9*j + 5434. Is j prime?
False
Let z(b) = 2*b**3 - 9*b**2 + b - 6. Let a be z(6). Suppose -5*k - p + 5*p = -349, 3*k = p + 215. Let g = a - k. Is g composite?
True
Suppose -7*y = -99 + 78. Suppose -3*i + 11*p + 393 = 8*p, 655 = 5*i - y*p. Is i prime?
True
Suppose 2*h - 4*i = 5198, -h - i + 2614 = -0*h. Is h composite?
False
Suppose 61190 + 97780 = 30*c. Is c a prime number?
False
Let s(c) = 439*c**2 - 20*c - 68. Is s(-7) a composite number?
True
Let b = 11 + -12. Let g be 66/(-11)*(-3 - b). Is (573/g)/(4/16) prime?
True
Let h be (-66 + 3/3)*-1. Suppose -h = -9*p + 4*p. Is p composite?
False
Suppose 0 = -25*a + 21*a + 132. Is a a composite number?
True
Suppose 4*p - 5202 = p - 3*v, -4*p + 6896 = -4*v. Suppose -6*l + 5071 = p. Is l composite?
False
Suppose -2*s + w + 2*w = 17, -23 = 5*s - w. Is 329*((-8 - s) + 5) composite?
True
Let p = 9098 - -101. Is p a prime number?
True
Let y be (-1 - 1)*(-10)/20. Let c(n) = 18*n + 1 + 4*n + y + 1. Is c(4) prime?
False
Suppose -19 + 23 = 2*c. Suppose 2 = j - c*j, 2*l = -5*j - 20. Is (-978)/(-10) + 4/l prime?
True
Let y(k) = -k**3 + k**2 - k - 1. Let i(x) = 5*x**3 + 2*x**2 - 4*x - 5. Let o(p) = -i(p) - 4*y(p). Let j be o(-7). Suppose 0*a - j*a = -254. Is a prime?
True
Let z be 2*(-2 - 640)*10/6. Let c = -973 - z. Is c a prime number?
False
Let f = 612 - 320. Suppose -908 + f = -2*k. Suppose -k = -0*x - 4*x. Is x prime?
False
Suppose m + 4*z - 8 = 15, 0 = 5*z + 15. Is (-8)/14 - (-370)/m prime?
False
Is -6 + 5309 - -8*1 a prime number?
False
Suppose -k + 6*k = 20. Suppose -4*b = -b + q - 29, 0 = -3*b - k*q + 44. Suppose a - 3 = b. Is a a composite number?
False
Let g(i) = -5*i + 1 - 1 - 3 + 9*i + 24*i**2. Is g(-5) a composite number?
False
Suppose 2*c - 5*a = 33, 2*a = c - 12 - 2. Let p be -3 + (2 - (1 - c)). Suppose -5*b = 3*i - 2*i - 571, 0 = p*b + 8. Is i a composite number?
True
Suppose 2*z - j + 5*j - 398 = 0, -4*z = -j - 751. Suppose k + 3*k = 0. Suppose k = 2*m - 10, 4*l = m - 2*m + z. Is l prime?
False
Suppose 0 = -0*p + 4*p - 32. Suppose l - 4*w - p = -0*l, 4*l - 17 = w. Is 516 - (-4 - (1 - l)) prime?
False
Let c = -410184 - -659881. Is c a prime number?
False
Let u = 7 + -3. Suppose 2 = 5*x - u*x. Suppose 5*j = 5*z + 1640, 331 = x*j + z - 334. Is j prime?
True
Let g be ((-3)/(-2))/(2/20). Suppose 0*c + g = 3*c. Suppose -4*p + 5*d + 113 = -112, c*d = -5*p + 270. Is p a prime number?
False
Let l(q) = -7*q**3 - 1. Let d be l(-1). Suppose -5*y + d = -4*y. Is 2/y + 1082/3 composite?
True
Suppose 4*y = -5 + 13. Let n(s) = 8*s**y - 2*s + 0*s**2 + 2 - 5*s**2 + 0*s**2. Is n(-7) a composite number?
False
Let l be (-14 - -8)*(-298)/4. Let z = l + -242. Is z a prime number?
False
Let g be 1/(-1) + 126 + 4. Suppose 0 = 4*a - 7*a + g. Is a prime?
True
Let t(v) = -6*v**3 + v**2 + 2*v - 8. Let n(u) = 5*u**3 - u**2 - 2*u + 7. Let w(k) = 5*n(k) + 4*t(k). Let c be w(2). Suppose 192 = -c*m + 474. Is m prime?
False
Let p = -47 + 71. Suppose x - 9 = 3*f + 9, 4*f - x + p = 0. Is (502/f)/((-7)/21) composite?
False
Let j(o) be the second derivative of -o**8/6720 + 11*o**5/40 + o**4/6 + o. Let s(f) be the third derivative of j(f). Is s(0) a composite number?
True
Let g be (-4)/(-14) - (-2338)/49. Suppose -4*o + g = -0*o. Is 8/o*60 - 3 a composite number?
False
Is -4 - -8 - 13303*(-5 - -4) a prime number?
False
Suppose 3*p + 5*v + 572 = 3215, 4*p + 2*v - 3524 = 0. Suppose -5*g = u - 882, -u = 3*g + g - p. Is u a prime number?
True
Let n(k) = -4*k - 33. Let q be n(-9). Suppose -907 = -i - 5*a, 5*i - 4415 = -q*a + 8*a. Is i a prime number?
True
Suppose 0 = 5*f - 15, 6*a - 35 = a - 5*f. Suppose -3*l - 3*r + 161 = 50, 0 = a*l + 3*r - 146. Is l prime?
False
Let v be (4/6)/((-4)/354). Let a = v + 30. Let x = a + 63. Is x a prime number?
False
Let h(f) = -5*f - 1. Let k be h(-2). Let r = k + -2. Suppose 0 = -n + 39 + r. Is n a composite number?
True
Is 0 + -4 + 5 - 13740/(-5) composite?
False
Let z be ((-10)/(-7))/(10/350). Suppose z = 5*t - 0*t. Is (8/t)/((-4)/(-890)) a composite number?
True
Let l = -689 - -240. Let y = l + 830. Is y prime?
False
Is (8053/(-2) - -2)/((-47)/94) a pr